 What is j(6)?
14
Let l(k) = 0*k**3 + k + k - 4*k**2 + 1 + 0*k**2 - k**3. Let j be (-1)/4 - 7/4. Give l(j).
-11
Let l = -11 - -15. Let t be (1 - l) + 2/1. Let z(d) = 8*d + 1. Give z(t).
-7
Let a(k) = 13*k + 1. Suppose 2*c + 95 = -3*c. Let m = 20 + c. Calculate a(m).
14
Let t(u) = 4*u + 1. Let g(z) be the first derivative of z**2/2 - 4*z - 1. Let w be g(2). Give t(w).
-7
Suppose -6 = -23*i + 20*i. Let p(d) be the second derivative of -3*d + 1/3*d**3 + 0 - d**i. Calculate p(2).
2
Let l(p) = -p**2 + 6*p - 4. Let j(w) = 5 - 3 - 4*w**2 + 0*w**2 - w**3 + 0*w**3 - w. Let h be j(-4). Determine l(h).
-4
Suppose -3 = -0*c + 3*c. Let u(s) = 2*s**2 + s + 1. What is u(c)?
2
Suppose -4*t - 24 = -0*t. Let p(j) be the first derivative of -j**2/2 - 14*j + 1. Calculate p(t).
-8
Let w = 2 - -3. Let c(g) = -3 + 8*g + 0 - 12*g - 2 + g**2. Give c(w).
0
Let a(q) = -13*q - 6. Let u be a(0). Let g(c) = -3*c - 1. Determine g(u).
17
Let f(y) be the third derivative of -1/24*y**4 + 0 + 0*y - 6*y**2 - 1/6*y**3. What is f(5)?
-6
Let o(q) = -6*q**3 - 4*q**2 - 1 + 4*q**2. Suppose 5*x = -f + 10, -4*x - x - 4*f = -25. Calculate o(x).
-7
Let c = 1 - 1. Let r(f) = -78*f + 30*f + 49*f - 4. Calculate r(c).
-4
Let o(l) = l - 1. Let b be o(0). Let n(s) = 6*s**3 - 2*s**2 - 2*s - 1. What is n(b)?
-7
Let m(c) = 4*c - 3*c + 0*c - 4 - 3*c. Determine m(4).
-12
Let o = 0 + 2. Let m be o/4 - (-56)/(-16). Let w(b) = -4*b + 1. Determine w(m).
13
Let b(t) be the second derivative of -t**5/20 + 5*t**4/12 - t**3/3 + 2*t**2 - t. Suppose 21 = k - 4*g, -5*g - 59 + 19 = -4*k. Give b(k).
-6
Let n(m) = m**2 + m + 4. Suppose x + x - 4 = 0. Suppose 6 = -x*b - 0*b, -3*j = -2*b - 6. Calculate n(j).
4
Let m(t) = 4*t**3 - 5*t**2 - 8*t - 2. Let j(p) = -9*p**3 + 10*p**2 + 17*p + 3. Let w(s) = 3*j(s) + 7*m(s). Suppose -4*a + 7 + 17 = 0. Calculate w(a).
1
Let g(d) be the third derivative of d**5/60 + d**4/4 + d**3/3 + 37*d**2. Give g(-6).
2
Let i(m) = m**2 - 78 - 4*m + 4*m + 62 - 12*m. What is i(12)?
-16
Let z be (-64)/(-10) - (1 - (-18)/(-30)). Let l(n) = 5*n - 5. Give l(z).
25
Let i(f) = 6*f. Let m be (-1)/(-2)*-2 - -4. Let t = 1 - m. Give i(t).
-12
Let x(m) = -m**3 + 4*m**3 + 1 + 2*m - 2*m**3. Let j(q) be the second derivative of q**5/20 + q**4/4 - 5*q**3/6 - 5*q**2/2 + q. Let f be j(-4). What is x(f)?
-2
Let n(h) = -5*h**3 + 7*h**2 - 11*h - 4. Let x(r) = 4*r**3 - 7*r**2 + 10*r + 3. Let s(t) = 3*n(t) + 4*x(t). Calculate s(6).
6
Suppose 5*j + 1 - 16 = 0. Suppose 0 = -0*p - 2*p + h + 3, -2*h + 15 = j*p. Let s(n) = n - p + 2 - 1 - n**2 - 2*n. Calculate s(2).
-8
Let i(h) = -h**3 - 6*h**2 - 7*h - 1. Suppose 3*x = -25 - 53. Let y = 21 + x. Determine i(y).
9
Let h(j) be the third derivative of j**6/120 - 2*j**5/15 - j**4/24 + j**3/6 + 37*j**2. What is h(8)?
-7
Let g(u) = -u - 1. Let s(l) = -l**3 - 4*l**2 + 7*l + 5. Let f be s(-5). Let c = 7 + f. What is g(c)?
-3
Let x(p) be the second derivative of -p**3/6 + 7*p**2/2 - 6*p. What is x(5)?
2
Let p(u) = 4*u + 0*u + 2*u - 5*u. Calculate p(6).
6
Let z(c) be the third derivative of -c**6/120 - c**5/15 - c**4/8 - c**3/6 + 2*c**2. Let n be z(-3). Let o(m) = -3*m - 1. Give o(n).
2
Let o(d) = -d - 1. Let k be o(-1). Let l be -3*(2/(-3) + k). Let x(i) = 2*i**2 - 2 + 0*i**2 + i**3 - 5*i - i**l. What is x(-3)?
-5
Suppose -1 - 7 = 2*h. Let a be 14 + -11 - (-1 - 13). Let c(d) = a*d**2 + 6 - 27*d**2 + 3*d + 11*d**2. Determine c(h).
10
Let y(j) = 7*j**3 + 1. Let h be (-2 - -50)*1/3. Let p = h + -15. Calculate y(p).
8
Let b(l) be the first derivative of -l**2/2 - l - 13. What is b(3)?
-4
Let g(q) = q**2 + 6*q + 1. Let b(i) be the second derivative of -i**4/24 - i**2 - 3*i. Let v(f) be the first derivative of b(f). Let o be v(4). What is g(o)?
-7
Let s(j) be the second derivative of -j**3/6 - 16*j. Determine s(-1).
1
Let b(p) = p + 1. Let a(l) = -l - 3. Suppose -2*s + 0 = 4. Let o(h) = s*b(h) - a(h). Suppose 2*v + 8 + 0 = 2*u, 2*u - 23 = 5*v. What is o(u)?
2
Let r(t) = 76*t**3 - 2*t**2 - 2*t + 1 - 34*t**3 - 41*t**3. Suppose 0 = g - 2*c - 0*c - 8, 3*g - 18 = 4*c. Suppose 0*q = g*q - 6. Determine r(q).
4
Let t(g) = 23*g**2. Let q(b) = -2*b**2. Let k(j) = 22*q(j) + 2*t(j). Let s = 3 + -1. Suppose 0 = -4*f + s + 2. What is k(f)?
2
Let t(o) = -3*o**3 - 7*o**2 + 7*o + 4. Let b(n) = -n**3 + n - 1. Let c(k) = -4*b(k) + t(k). Let y be 1 + (13 - 3)/2. Determine c(y).
-10
Let p(i) = -7*i**3 - 21*i**2 - 9*i - 15. Let o(g) = -4*g**3 - 11*g**2 - 4*g - 7. Let a(k) = 5*o(k) - 3*p(k). Give a(-7).
10
Let r(y) = -2*y**2 - y**2 - 2*y + 4*y**2 + 3 - 10. Suppose 5*v + 10 = 7*v. Give r(v).
8
Let c(v) = -v**2 + 5*v. Let h(x) = -x**2 + 3*x + 9. Let k be h(7). Let t = k + 23. Give c(t).
4
Let h = -8 - -12. Let w = -6 + h. Let q(x) = -3*x - 1. Determine q(w).
5
Let i(j) be the third derivative of 7*j**6/60 + j**5/60 + j**4/24 - j**3/6 - j**2. Determine i(1).
15
Suppose b + 2*b = -m + 1, 5*b + 5*m - 15 = 0. Let z(n) = -11*n. Calculate z(b).
11
Let v(u) = -7*u**2 + 19*u**2 - 4*u**2 - 7*u**2 - 7. Calculate v(0).
-7
Let x(m) = m**2 - 4*m**2 - m**2 + 3*m**2 + m. Determine x(-2).
-6
Let v(u) be the second derivative of u**4/12 + 2*u**3/3 - 3*u**2/2 + 5*u. Give v(-6).
9
Let l(x) = x**3 - 10*x**2 + x - 8. Let y(p) = p + 1. Let b be y(9). Let h be l(b). Let j(s) = s**2 + 2 - h + s - 7*s**3. What is j(-1)?
7
Suppose 0 = -2*o + 7*o + 2*g - 19, -3*o = -5*g - 30. Let r(s) = s**2 - 6*s + 4. Determine r(o).
-1
Suppose 3 = t - 1. Let a(j) be the first derivative of j**4/4 - 5*j**3/3 + 2*j**2 - 4*j + 1. Give a(t).
-4
Let n(a) = -a**2 - 4*a - 4. Let j(v) = -5*v + 1. Let y be j(1). What is n(y)?
-4
Let o(a) be the first derivative of -4*a - 1/2*a**2 - 3 + 1/3*a**3. Give o(0).
-4
Let j(t) be the second derivative of -t**5/20 - 7*t**4/12 + 3*t**3/2 + 7*t**2/2 - 23*t - 1. Calculate j(-8).
-1
Let m(n) = -n**2 + n + 36. Let b be m(7). Let g(v) = v - 1. Calculate g(b).
-7
Let x(b) be the first derivative of -b**3/3 - 2*b**2 - 2*b - 3. Let q(s) be the first derivative of x(s). What is q(-3)?
2
Let q(z) be the third derivative of -z**6/120 + z**5/60 + z**4/24 - 11*z**3/6 + 23*z**2. Give q(0).
-11
Let h(c) be the second derivative of -c**3/2 + c**2 - 3*c. Determine h(2).
-4
Let b(s) be the third derivative of -s**4/24 - 4*s**3/3 + 3*s**2. Determine b(-9).
1
Let f be ((-6)/4)/(-3)*6. Let o(j) = 1 - f*j**2 + 5*j**2 - j + j**2 - 2. Suppose 0 = -l - 0 - 1. Determine o(l).
3
Let t(f) = f**3 + f**2 - f. Let c(k) = 2*k**3 - 3*k**2 - 2*k + 2. Let s(j) = -c(j) + t(j). What is s(2)?
8
Let q(h) = 5*h. Suppose 3*x + 0*x = 6. Suppose 0 = b + 4*d + 17, -2*d - 6 = -x*b - 0*d. Determine q(b).
-5
Let y(n) = -2*n - 1. Let f be y(3). Let j be 26/f + (-4)/14. Let l(c) = c + 9. Let a(q) = -q - 8. Let w(z) = 5*a(z) + 4*l(z). Calculate w(j).
0
Suppose -i + 12 = 3*i. Let x(t) = 1 - 1 + i - t + 0. Calculate x(2).
1
Let k(h) be the third derivative of -h**7/210 + h**5/120 + h**4/24 - h**3/6 - h**2. Let i(b) be the first derivative of k(b). What is i(-1)?
4
Let u(y) be the third derivative of y**7/2520 - y**6/720 + y**5/120 - y**4/6 - 3*y**2. Let n(f) be the second derivative of u(f). Let b = 7 - 5. Determine n(b).
3
Let d(x) = -3*x - 12. Let n = -16 - -25. Let l(h) = 7*h + 24. Let z(a) = n*d(a) + 4*l(a). Calculate z(5).
-7
Let t = 6 + -7. Let b(y) be the first derivative of -7*y**2/2 + 1. Determine b(t).
7
Let m be 12/(-42) + (-4)/(-14). Suppose b + b = m. Let d(g) = 0*g - g**2 + g - 3*g + g - 6. What is d(b)?
-6
Let k be (-328)/(-32) - (-3)/4. Suppose -4*p = -0*p - 36. Let q = k - p. Let b(n) = -n**2 + 4*n. Calculate b(q).
4
Let s(b) be the first derivative of b**4/4 - b**3 + 3*b**2/2 - 2*b + 1. Let q be s(2). Let h(z) = -2*z**2 + 1 - z**3 - 2*z + q*z + 5*z**2. What is h(1)?
1
Let s(p) = p**2 + 7*p + 5. Let g = 8 + -5. Suppose z = -5, 4*t - 2*z - 14 = 16. Suppose t*k + g = -17. Give s(k).
-7
Let l be 3/2 - (-2)/4. Let s(u) = -2*u - 3*u + u - 2 + u**l. Determine s(4).
-2
Let g(a) be the second derivative of a**6/240 + a**5/20 - a**4/6 + a. Let q(v) be the third derivative of g(v). Let w = -3 + -1. What is q(w)?
-6
Let j(q) be the third derivative of 2*q**2 - 1/60*q**5 + 0*q + 0 - 1/60*q**6 - 1/6*q**3 - 1/24*q**4. Let l be j(-1). Let p(b) = 5*b**2 + 1. What is p(l)?
6
Let s(k) be the second derivative of -k**4/12 + k**3/3 + 6*k. What is s(-2)?
-8
Let b = 6 - 